+ 74 = 0, 46*y - 44 = 44*y + 4*c. Let w = 8 + -13. Let l(a) = -14*a - 4. Calculate the remainder when l(w) is divided by y.
10
Suppose 5*p = -3*d - 300, 2*d - 5*p = d - 80. Let v = d + 106. Suppose 5*a = -4*m + 103, 0*m - 5*m + 136 = -a. What is the remainder when m is divided by v?
5
Suppose -6*a = -24*a + 3132. Calculate the remainder when a is divided by 70.
34
Suppose 18 + 6 = -6*h. Let z be (354/(-9))/(h/(-6)). Let a = 102 + z. What is the remainder when a is divided by 17?
9
Suppose 4*u + 343 = -9. Let j = u - -103. What is the remainder when 59 + 0/(0 + -3) is divided by j?
14
Suppose 0 = 7*r - 11*r + 20. Suppose 2*x + x + 4 = r*g, -3*g - 5*x + 16 = 0. Calculate the remainder when 2 is divided by g.
0
What is the remainder when 2278 is divided by -6*((-121)/33 + -9)?
74
Let m be (-2033)/(-114) - (-2)/12. Suppose -5*g + m = 88. What is the remainder when 72 is divided by (-4)/g + (-524)/(-28)?
15
Let c = 11833 + -5596. What is the remainder when c is divided by 130?
127
Let c(j) = -25*j - 3. Suppose 4*r - 755 = 693. Let f = r + -323. Calculate the remainder when c(-3) is divided by f.
33
Let b = 16023 + -6344. Calculate the remainder when b is divided by 23.
19
Let b(z) = -z**3 - z + 1. Let v(f) = -2*f**3 + 20*f**2 - 30*f - 70. Let c(u) = -3*b(u) + v(u). What is the remainder when c(-21) is divided by 8?
5
Let k(n) = n**2 - 19*n - 14049. What is the remainder when k(136) is divided by 1?
0
Let o be (1 - -3) + (1 - 4 - -3). Suppose 16 + o = 5*a. Suppose 1 + 188 = 5*v + 2*n, -4*n = -v + 51. Calculate the remainder when v is divided by a.
3
What is the remainder when 2162/4 + (-915)/366 is divided by 45?
43
Let p = 49 - -1. Let w = p + -46. Let v = -353 + 360. What is the remainder when v is divided by w?
3
Let o(k) = 7*k - 20. Let t = -27 + 32. What is the remainder when (-5 + 6)*-14*(-12)/3 is divided by o(t)?
11
Suppose 490*z + 10020 = 502*z. Calculate the remainder when z is divided by 21.
16
Let z = -276 + 644. Let k = -263 + z. Let r(i) = 5*i**3 - i - 2. Calculate the remainder when k is divided by r(2).
33
Suppose g + 40 = 5*g. Suppose 56 = -4*o + 2*z + 390, 335 = 4*o - 3*z. Calculate the remainder when o is divided by g.
3
Suppose -9*n + 206 = -55. Let c(v) = 5*v**2 + 16. Calculate the remainder when c(-4) is divided by n.
9
Let l(v) = -10*v**2 + 0*v**3 - 2*v - 9*v**2 - 14 + 4*v**2 - v**3. Let u(n) = -n**3 - 13*n**2 - 6*n. Calculate the remainder when u(-13) is divided by l(-15).
14
Suppose -5*x + x + o + 73 = 0, 3*x = 4*o + 45. Suppose -8*f = -117 - x. Calculate the remainder when -2*(3*-21 - -4) is divided by f.
16
Suppose 12*t - 28*t = -5120. Suppose 37*h = 29*h + t. Let z = 76 - h. What is the remainder when z is divided by 16?
4
Let l(u) = u**2 - 24*u - 2516. What is the remainder when l(80) is divided by 283?
266
Suppose -5*w + 270 = -5*o, 0 = -34*w + 38*w + o - 201. What is the remainder when w is divided by (-6)/(-2) - (0 + -2)?
1
Let c(s) be the third derivative of -5*s**4/8 - 14*s**3/3 + 173*s**2. What is the remainder when c(-7) is divided by 21?
14
Let f = 3349 + -2833. Calculate the remainder when f is divided by 75.
66
Suppose 48 = d - j, -5*j = 5*d - 59 - 151. Suppose -d = -6*u + 9. What is the remainder when -2 + 56/2 - (-11 + u) is divided by 8?
4
Let c = 58 - 107. Let x(b) = -3*b**3 - 2*b**2 + b. Let i be x(-3). Let d = i + c. Calculate the remainder when 42 is divided by d.
9
Let a(l) = 2*l**2 + 8*l + 22. Let v be a(-11). Let y = -137 + v. Calculate the remainder when y is divided by 8.
7
Suppose 47 = 27*d - 61. Let q = -42 + 67. Suppose q + 35 = d*x. Calculate the remainder when x is divided by 4.
3
Suppose 5*f = -4*h - 18516, -3*f + 5*f + 7396 = h. What is the remainder when (-4)/6 + f/(-150) is divided by 13 + -2 + (-4)/(-2)?
11
Let z = -17 + 277. Let v = 563 - z. Calculate the remainder when v is divided by 77.
72
Let a(y) = -5*y**3 + y**2 + 3*y + 1. Let q be a(-1). Let p(g) = 11*g - 10. Calculate the remainder when p(q) is divided by 15.
4
Suppose 60*q = 80*q - 380. Let x(t) = -32*t + 11. Calculate the remainder when x(-2) is divided by q.
18
Let y(w) = 5*w. Let a(h) = 67*h + 297. Let p(b) = 101*b + 446. Let z(i) = -8*a(i) + 5*p(i). What is the remainder when z(-5) is divided by y(1)?
4
Let f = 742 + -692. Calculate the remainder when 93 is divided by f.
43
Let w = 526 + -508. Calculate the remainder when 571 is divided by w.
13
Let p = -35 - -39. Suppose -p*t + 52 = 3*v, -6*v + v + 5*t = -75. Suppose v = -2*y + 3*y. What is the remainder when y is divided by 6?
4
Let i(j) = -104*j - 665. Calculate the remainder when 405 is divided by i(-7).
27
Let i(s) = -22*s**2 + 24*s + 70. Let n be i(-13). Calculate the remainder when 47 is divided by n/(-300) - (-1)/(-5).
8
Let y = -29158 + 29190. What is the remainder when 4476 is divided by y?
28
Let k = -38 + 34. What is the remainder when 28 is divided by 3/(-1) - (16/k - 4)?
3
Suppose -3*i - 20 = -2*q, 0*q = -4*i + 5*q - 22. Let a(j) be the first derivative of -5*j**2/2 + 7*j - 216. Calculate the remainder when a(i) is divided by 16.
15
Suppose 5*g = u + 47, -4*u + 3*u + 16 = 2*g. Let c(h) = h**3 + 5*h**2 + 5. Calculate the remainder when c(-3) is divided by g.
5
Let a be 2 + -2 + 2 + 72. Let y = -51 + a. Let w = 40 - -51. What is the remainder when w is divided by y?
22
Suppose -2896 + 4700 = 12*k - 6116. What is the remainder when k is divided by 220?
0
Suppose 29*y = 72*y - 12771. What is the remainder when y is divided by 156?
141
Suppose -5*z + 2 + 3 = 0. Suppose 4*f + z - 5 = 0. What is the remainder when (-69 + 66)/(3/16) - -17 is divided by f?
0
Suppose 7*i - 762 = 99. Suppose -8*f = 18 - 282. Suppose f + i = 12*x. Calculate the remainder when 115 is divided by x.
11
Suppose 20*l + 70 = 22*l + q, -5*l + 3*q = -197. Calculate the remainder when 203 is divided by l.
18
Suppose -73*l = -77*l - 104. Calculate the remainder when 150/(-125)*(l + 1) is divided by 3.
0
Suppose -2*h = 4*d - 816, -5*d + 36 = 4*h - 1611. What is the remainder when h is divided by 14?
12
Let x be 2 + (-6)/(-5 + 3). Suppose 0 = -3*a + 4*l - 7, -x*a = 2*l + 1 - 24. Calculate the remainder when (-792)/(-64) - 3/8 is divided by a.
0
Let p = 423 - 411. Let f = 756 + -527. Suppose 0 = -5*g + 2*x + f, -g + x = -0*g - 44. What is the remainder when g is divided by p?
11
Let q = 808 - 643. What is the remainder when q is divided by 9?
3
Suppose 2*r + 109 - 301 = 0. Suppose 6*m = -11434 + 11476. Calculate the remainder when r is divided by m.
5
Suppose 22*r - 12*r + 11178 = 79*r. What is the remainder when r is divided by 68?
26
Let m(p) = p - 11*p + 5*p - 44. Let x be m(-15). Let s = x + 20. Calculate the remainder when 202 is divided by s.
49
Suppose 2*v + 199 = -u - 2*u, 3*u - 4*v = -205. Let g = u + 69. Suppose g*p + 3*h - h - 18 = 0, p - 18 = -4*h. What is the remainder when p is divided by 1?
0
Let r(h) = -h**2 - 125*h - 3111. What is the remainder when r(-36) is divided by (-1 + (-33 - -2))/(-1)?
29
Let s(q) = q**3 - 7*q**2 - 2*q - 6. Let b be s(5). Let l = b + 79. Calculate the remainder when 31 is divided by l.
5
Suppose 708 = 7*o + 3*y, 187 = 2*o + 5*y - 36. What is the remainder when 2582 is divided by o?
8
Suppose 0 = -77*x + 63*x + 42. Suppose 0 = s + x*n - 22, 108 = 3*s + 2*n - 7*n. Calculate the remainder when 214 is divided by s.
28
What is the remainder when 11708 is divided by 7*58/2 + (-880)/80?
188
Let r = -1362 - -1384. Calculate the remainder when 807 is divided by r.
15
Let z = 2794 - -12946. Calculate the remainder when z is divided by 13.
10
Let n = 5 + 18. Let y = 14 - n. Calculate the remainder when (25 - 1)/((y/2)/(-3)) is divided by 8.
0
Let a = 201 + -201. Suppose 4*x - 2*x - 4 = a, 2*d + 4*x - 342 = 0. What is the remainder when d is divided by 24?
23
Suppose 6*d = -0*d + 12. Suppose 14 = 4*l - d*b, -l - 3*b + 24 = 2*l. What is the remainder when 4 is divided by l/((-5)/(-2)*1)?
0
Suppose -z - d = -4*d + 8, -4*z - 32 = -5*d. Let y be 272 - (4/z*2 + 0). Suppose 0 = -4*t + 283 + y. Calculate the remainder when t is divided by 28.
27
Suppose 3518 = -8*z - 202. Let r = -405 - z. What is the remainder when 297 is divided by r?
57
Suppose 38*y - 8624 = -27*y - 3359. Calculate the remainder when y is divided by 17.
13
Let l be (-6)/(-15) + (-6)/(-10). Calculate the re